(-2 - 3) + 3).
-4
What is (-15 - -11) + 1 + -1?
-4
What is the value of (-3 + -7 - 5) + 18?
3
What is the value of 1 - -4 - (-4 + (-15 - -25))?
-1
(-9 - (-4 + -1)) + (-1 - -2)
-3
What is -5 - (-3 - -8 - 14)?
4
(2 - -4 - 6) + (1 - 6)
-5
Evaluate -13 + 1 + (4 - -3).
-5
Evaluate 2 + (-8 + 2 - 5) - -5.
-4
What is the value of 5 + -8 + 7 + 2 + -3?
3
What is the value of 10 - (11 + -5 + -3)?
7
Evaluate (2 + -6 - (-1 + 0)) + 5.
2
Calculate 3 - 7 - 0 - -3.
-1
What is the value of 16 - 10 - (1 - -1) - 3?
1
Evaluate 4 - (-7 - -3 - -5).
3
Evaluate (-9 - -7) + (3 - -5).
6
What is 10 + (3 - 10) + 2?
5
Evaluate 6 + -2 - (91 - 82).
-5
Calculate 2 + -8 - (0 + 0).
-6
Calculate (4 - 2 - -11) + -5.
8
What is the value of -5 - (2 - 1) - (3 - 4)?
-5
Calculate 1 - (-5 + 12) - -8.
2
What is the value of -5 - (-11 + 11) - -11?
6
What is 8 + (1 + -4 + 2 - -2)?
9
Calculate 71 - 81 - (-3 - 0).
-7
Evaluate 0 + -4 + -1 + -2 + 4.
-3
Evaluate (-11 - -24) + (-4 - 7).
2
Calculate -1 + 0 + -2 - 2.
-5
3 + (10 - (-6 + 14))
5
Evaluate 11 + (-19 - -13) - 7.
-2
Evaluate -4 - ((-4 - 2) + -1).
3
2 - ((-3 - 1) + -7 + 10)
3
Calculate -6 + (-7 - -17) + -7.
-3
What is the value of 11 - (5 + 9 + -11)?
8
Calculate -3 - ((12 - 12) + -1 + -3).
1
Calculate -7 + (-4 - 3 - -7).
-7
-1 + -4 - (-39 + 32)
2
Evaluate (2 - -1) + (-16 - 0) + 9.
-4
11 + -1 + (-6 + -7 - -8)
5
Calculate (1 - 1) + (40 - 34) + -2.
4
What is (2 - 2) + -17 + 14?
-3
Evaluate 1 + -4 - (-18 - -24).
-9
Evaluate 4 + (0 - 5 - -1) - -1.
1
Calculate -25 + 15 - (6 + -23).
7
Calculate (-1 - -5) + -1 + -2 + 2.
3
What is (1 + 3 - (9 + -1)) + 0?
-4
6 + (0 - (4 + 0))
2
What is the value of -12 + (-4 - -29) + -3?
10
Calculate (-6 - (5 - 1)) + 4.
-6
What is -4 - (-5 + (-3 - -2) + -1)?
3
Calculate 0 - 1 - (-11 + 9 + 9).
-8
What is 2 - -1 - (10 + -19 + 10)?
2
What is the value of (-4 - -7) + 0 + 0 + 1?
4
What is the value of 16 + -7 - (5 + -2 - -2)?
4
Calculate 3 - (0 - -1) - (26 - 26).
2
-11 - (-2 - (1 + 12))
4
Evaluate (-8 - -6 - -7) + -7.
-2
Calculate -2 + 1 + -3 - (-24 + 30).
-10
What is (-4 - -5) + 5 + -3 + -2?
1
1 - (-1 + (4 - 0))
-2
What is 8 + (2 - (-5 + 9 - -3))?
3
Calculate 2 + -3 - (-25 + (7 - -10)).
7
What is 0 - 8 - (5 + -29 + 20)?
-4
4 + -11 + 8 - -5
6
What is the value of 16 - (2 + 3 + 7)?
4
What is 5 + -3 - (-2 - (-4 - -5))?
5
What is the value of (4 - -1) + (-1 - 2) + -2?
0
What is the value of (-1 - (-5 + 0)) + -5?
-1
Evaluate 0 + (0 - 2) + -6.
-8
What is the value of -2 + -1 + -37 + 38?
-2
Calculate 7 + (-6 - -8 - 4).
5
Calculate -7 + 3 + 5 + -5.
-4
Calculate 7 + -5 - (-1 + 4).
-1
Evaluate 2 + 0 - (3 + 1).
-2
What is the value of 21 - 8 - 9 - (10 - 0)?
-6
What is the value of -4 + 9 - (-4 - -5)?
4
What is the value of 0 - (-1 - -2) - (-2 - 0)?
1
Calculate -3 - (3 + -9 + 4).
-1
Calculate 7 + 6 + (3 - 7) - -1.
10
What is the value of 0 + -2 - 5 - (-7 - -9)?
-9
8 + -8 - (-1 + -2)
3
Calculate 0 + -6 + 12 + -7.
-1
What is (5 - (-3 + 11)) + 4?
1
Calculate -4 + 12 + (-1 - -2 - 8).
1
Evaluate -1 + (6 - 1) + 1 + 0.
5
Calculate 25 + -20 - (0 + 9).
-4
0 + -4 + (-4 - 1) + 5
-4
Calculate 9 - (8 + -2 + -2).
5
What is 1 + (-13 - -13) + 0 + 1?
2
Calculate 4 + (-18 - -12) + 2 + -1.
-1
What is -3 - (-8 + (-1 - -1))?
5
Calculate 5 - (15 - (0 - -2) - 5).
-3
Calculate (3 - 14) + 9 + -7.
-9
Calculate 0 + -1 - (-2 + 3 + 1).
-3
Evaluate -13 + 12 - (5 + -1).
-5
What is the value of 0 + -3 + 5 + -5 + 0?
-3
Evaluate 0 + 22 + -19 + 1 + 0.
4
Evaluate -2 + 0 - (-4 - 4).
6
-2 - 1 - (1 + -7)
3
What is the value of (0 - (-1 + 2)) + 0 - -8?
7
Evaluate (-1 - 1) + -1 + (-102 - -111).
6
(-9 - -12) + -3 - -8
8
What is 9 + (-5 - (0 - -10))?
-6
4 + (6 - (10 + 0))
0
Calculate (-2 - (-3 + 1)) + (17 - 19).
-2
Calculate 2 - (-1 + -3 + 3 + -2).
5
Evaluate 4 - 2 - (5 - (9 - 2)).
4
Evaluate 12 - ((-6 - -22) + -9).
5
What is -6 + 7 + 6 - 3?
4
-6 + 7 - (-3 + 0 + 7)
-3
What is -6 + 0 - (12 + -15)?
-3
What is (-2 - -2) + 1 + -3?
-2
Calculate -9 - -2 - ((6 - 1) + -20).
8
What is the value of -44 + 45 - (-2 - 3 - 1)?
7
What is 2 + (4 + -9 - 0)?
-3
(1 + -4 - -6) + 0 - 8
-5
Calculate (9 - 2) + 4 + -6 + -5.
0
What is 6 - (2 + (0 - (0 + 1)))?
5
Calculate -5 + (-3 - (-8 - -6)).
-6
Calculate (-1 - (0 + 1)) + 3 + 4.
5
What is the value of (8 + -3 - (1 + 3)) + 0?
1
What is the value of -6 - -2 - (-17 + 16)?
-3
What is -9 + 6 - (6 - (8 - 4))?
-5
Calculate (0 - -3 - 5) + (5 - 1).
2
(13 - 7) + 0 + -2 - 4
0
-1 + 3 + (11 - 16)
-3
Evaluate 2 + (-3 + -1 - (-16 - -10)).
4
Evaluate 0 - (-2 + 3) - -3 - 0.
2
What is the value of (7 - 4) + -10 + 3?
-4
What is the value of (2 - 1) + -1 + (4 - 2)?
2
What is 7 + -5 + (-9 - (-7 - -1))?
-1
Evaluate 1 + -2 - ((-17 - 10) + 28).
-2
Calculate -2 + 1 + (5 - 0).
4
What is the value of 0 + (-2 - (1 + -6))?
3
Calculate -6 + (3 - -3 - 10 - -17).
7
What is the value of (0 - (0 - -8)) + 12 + -9?
-5
What is the value of 1 - -1 - (5 - (18 + -18))?
-3
Evaluate (7 + -6 - 0) + -7 + 7.
1
What is the value of -13 + 7 - -6 - (2 + 3)?
-5
What is the value of 8 + (-8 - (-9 + 7))?
2
Evaluate -20 + 19 - (-4 + 1).
2
0 + 1 + (0 - 2)
-1
Evaluate -3 - (-4 + (-1 - -1)).
1
Calculate 5 - -1 - (23 - 13).
-4
(-4 - -3) + 0 + (-6 - -6)
-1
Evaluate -4 + 4 + -1 + -3.
-4
2 + (2 - 0) + -2
2
Evaluate (4 - 0) + (-5 - -1) - -4.
4
-2 - ((-13 - -5) + 6)
0
What is the value of (-16 - -6) + (-4 - -8)?
-6
Calculate (3 - 4) + -6 + 45 + -38.
0
What is the value of 7 - (-7 + 7 - -3)?
4
What is the value of (2 - -3) + -8 + 1 + 0?
-2
What is 5 + 0 + -4 + -2 + 7?
6
What is the value of 2 - (-1 + 2 - -4 - 4)?
1
Evaluate 0 + -2 + (-2 - (8 - 6)).
-6
What is the value of 2 - 7 - (13 - 19)?
1
What is the value of (-5 - 4 - -7) + (3 - -3)?
4
1 - (-10 + 6) - (7 + -1)
-1
-5 - (-6 + -8) - 4
5
1 + -6 + -3 + 3
-5
What is the value of -8 - -8 - ((1 - -1) + 2)?
-4
Evaluate -7 + 0 - (-1 - (-2 + 4)).
-4
Calculate -2 - (-1 + (-5 - -4)).
0
What is 2 + (3 + 1 - 4)?
2
What is 0 - 10 - -8 - -8?
6
Evaluate 5 + (3 - 1) + -8.
-1
Calculate -7 + 2 + 4 + 2 + -5.
-4
What is (-1 - 3) + 5 - (9 + -6)?
-2
Calculate 5 + 1 + (-11 + 2 - -3).
0
What is the value of -5 - (2 + (-3 - -3 - 4))?
-3
Calculate -6 + 10 + -3 + -1 - 6.
-6
-1 + 7 + -17 + 6 + 10
5
What is the value of -3 + -5 + 4 + 3 + -4?
-5
Evaluate -14 - -8 - (-1 - 2).
-3
Evaluate 25 + -7 - 7 - 8.
3
-1 - (5 + -2) - 0
-4
-8 + -2 + 5 + 1 + 3
-1
What is the value of (0 - 0) + (3 - 6 - 0)?
-3
What is the value of 2 + -2 + (-2 - 3 - -2)?
-3
-6 + 3 + (0 - 4)
-7
What is -4 - -3 - 0 - 3?
-4
Evaluate (8 - 8 - -4) + -8.
-4
Calculate -10 + 1 - (9 + -26).
8
What is 2 + -1 + 0 - -4?
5
What is the value of 0 + 3 + -8 - (-9 - -8)?
-4
What is the value of (6 - (-1 - (-1 + -4))) + -5?
-3
Calculate 2 + 0 + 0 + -2 - 1.
-1
Evaluate (4 - 1) + 27 + -24 - -1.
7
Evaluate 4 - (1 + (3 + -1 - 2)).
3
What is the value of (-1 - (-6 + 2 - -1)) + -3?
-1
What is the value of -1 - (1 - 8) - 4?
2
Calculate 11 + 3 + -10 - -3.
7
Evaluate -2 - (-3 + 1 + -2).
2
Evaluate (3 - (3 - (-5 - 0))) + 3.
-2
What is the value of 8 - (2 + -3) - (4 - 0)?
5
What is the value of 3 - (6 - (-3 + 5)) - 1?
-2
Evaluate (12 - 13) + -12 - -11.
-2
(6 - -1) + -5 + -3 + 2
1
3 - (-3 - (2 - 7))
1
Evaluate -1 + 0 + 1 + 4 - 10.
-6
-3 - (-5 + 4 - 0)
-2
Evaluate (12 - (-5 - -11)) + -2.
4
(-17 - (-6 - 5)) + 8
2
Evaluate 0 - (4 + (6 - 4)).
-6
What is (5 - (0 - -1)) + (2 - 3)?
3
What is -1 + -11 + 16 - (-5 + 0)?
9
What is the value of -52 + 53 - (-1 + -1)?
3
7 - (-3 + (3 - -3) + -4)
8
7 + -5 + -4 + -3 + 8
3
Evaluate (-1 - (0 + 9)) + 3.
-7
What is the value of -2 - (-3 + 7 - 0) - -1?
-5
Evaluate 5 + -5 - -3 - 0.
3
Calculate -5 + (17 - (9 + -3)).
6
Calculate (-2 + 15 + -6 - 3) + -4.
0
What is (-13 - -11) + 0 + -4?
-6
Calculate (13 - 15) + 5 + 0 + -3.
0
Calculate 1 - (7 - (3 - 0)) - -2.
-1
Calculate 7 - (2 - 0) - (15 - 7).
-3
0 + -3 + (-3 - -6)
0
Evaluate (5 - 4) + 1 + 3.
5
-2 - (3 - (15 - 7))
3
What is the value of -1 + -4 + 16 + -15?
-4
Calculate -8 - (2 + -5 + -5).
0
Calculate 21 + (8 - 7) - 13.
9
Evaluate (10 - (-11 - -20)) + 0 + -6.
-5
What is the value of 4 - (9 + -2) - -7?
4
Evaluate (-1 - -1) + -2 - (41 + -37).
-6
What is the value of -2 + -5 + -5 + 18?
6
Calculate 0 + (-6 - -1) + 1.
-4
4 + 2 - (3 - (2 - 2))
3
What is -5 - ((11 - 4) + -14)?
2
Calculate -3 + (-6 - (-1 - 10)).
2
What is the value of -10 - -11 - (3 + -1 - -1)?
-2
Calculate 